ainder when t is divided by 4?
3
Let m = -20162 + 20215. Calculate the remainder when (394/(-8) + -3)*-4 is divided by m.
50
Suppose 0 = -4*t - 16, 36*t = -x + 35*t + 664. What is the remainder when x is divided by 212?
32
Suppose 1113 = 37*r - 219. Calculate the remainder when 1274 is divided by r.
14
Calculate the remainder when (339702/(-44))/(9 + 152/(-16)) is divided by 234.
231
What is the remainder when 200 is divided by -33 + 55 + (4 - 20/4)?
11
Let v = -6121 + 9460. What is the remainder when v is divided by 22?
17
Let u(s) = -s**3 - 10*s**2 - 7*s - 6. Let l be u(-9). Let k = 56 + l. Let r = k - 18. Calculate the remainder when r is divided by 11.
3
Let i = 18 + -15. Suppose 7*z = 9*z + 4*l - 10, 4*z - 38 = l. Calculate the remainder when -1 + i + -2 - -35 is divided by z.
8
Let p be ((-6)/10 + 35/(-25))*-2. Suppose 2*k = 2*n + 158, -316 = -p*k + 32*n - 36*n. What is the remainder when k is divided by 24?
7
Suppose 0 = -2517*z + 2520*z + 106 - 580. What is the remainder when 1577 is divided by z?
155
Let g be (-4 - -7 - 3) + 127. Suppose -g = -11*s + 60. Calculate the remainder when 182 is divided by s.
12
Let s = 144 - 23. Let g = s + -106. Calculate the remainder when (36/g + 4/(-2))*110 is divided by 16.
12
Let n = -608 - -630. What is the remainder when 2*(-2)/(-8)*-3*-58 is divided by n?
21
Let h = -669 - -460. Let j = -91 - h. Calculate the remainder when j is divided by 43.
32
Let f(b) = 318*b - 1472. Calculate the remainder when f(10) is divided by 114.
112
What is the remainder when (-3)/18 + (-104080)/(-96) is divided by 11?
6
Suppose 2*t + 4 = -0*t. Let d be 10/t*-12*1/10. Let p(f) = 2*f**2 - 1. What is the remainder when p(d) is divided by 19?
14
Suppose -y = 15 - 9. Let q be -2*((-9)/y + -1). Let c = 5 + q. Calculate the remainder when 15 is divided by c.
3
Let y(j) = j**3 + 31*j**2 + 3*j + 99. Let k be y(-31). Suppose 25*m - 2790 = -k*m. Calculate the remainder when m is divided by 52.
38
Suppose -2*p - 22849 = -5*o, -480*o - 9106 = -482*o - 4*p. What is the remainder when o is divided by 12?
7
Let b be (6*-31)/2 + -3. Let y = b - -74. What is the remainder when 15 is divided by -2*(y/4 - (-3 + 2))?
6
Let s = 218 - 149. Let b = s + 1. Let a = -298 - -330. What is the remainder when b is divided by a?
6
Suppose 3*s - 15 = 0, 0 = 2*a + 2*s - 1912 - 432. What is the remainder when a is divided by 191?
21
Let q = -6546 + 9379. Calculate the remainder when q is divided by 20.
13
Calculate the remainder when 119 is divided by -18 + (-3683)/(-203) + 6/7.
0
Suppose 2*t - 13 - 1 = -2*a, 2*a - 2*t = 6. Suppose u + 4*c - 59 = 0, -a*c = u - 45 - 19. Calculate the remainder when 232 is divided by u.
37
Let g(j) = j**3 - 27*j**2 - j + 29. Let w be g(27). Calculate the remainder when w/(-12) + (-5118)/(-36)*1 is divided by 11.
10
What is the remainder when (-714)/(-4)*(-352)/(-616) is divided by 65?
37
Suppose 3*z = 28 + 44. Let t be (54 - 1)*4*(-6)/24. Let u = 147 + t. Calculate the remainder when u is divided by z.
22
What is the remainder when 4 - (10 + -205 + 3) is divided by 48?
4
Let s(g) = 5*g - 12. Let k be s(3). Suppose -2*a = -k*q + 90, q = -a - 2*a + 41. Calculate the remainder when q is divided by ((-6)/(-2))/(15/55).
10
Let s(w) = -w**3 - 26*w**2 + 19*w + 7. Let t be s(-27). Let q = 406 - t. Calculate the remainder when q is divided by 37.
35
Let u(h) = -h**3 + 5*h**2 + 5*h. Let i be u(5). Suppose -4384 = -i*v - 7*v. Calculate the remainder when v is divided by 24.
17
Let l = -92 + 97. Suppose l*x - 7*x + 2 = 0. Calculate the remainder when 91 is divided by 2*1 + 37 + x + 6.
45
Calculate the remainder when 1309 is divided by (-41)/5*40*9/(-18).
161
Let l(j) = 6*j + 2. Let y be l(-1). Let x(w) = -2*w - 13. Let g(o) = o + 13. Let z(c) = y*g(c) - 3*x(c). What is the remainder when z(17) is divided by 14?
7
Let a(x) = -25*x - 41. Let m = -14 - -17. Let c(o) = -49*o - 82. Let n(v) = m*c(v) - 5*a(v). Calculate the remainder when n(-5) is divided by 14.
13
Suppose -4*b + 116 = 4*m, 5*b + 2*m - 88 = 66. Suppose 37*s - 38*s = -b. Calculate the remainder when 127 is divided by s.
31
Suppose -5*y + 190 = -3*y + u, -3*u + 186 = 2*y. What is the remainder when 3550 is divided by y?
94
Let j(p) = p**3 - p**2 - 3*p + 2. Let w be 4 + -3 - (-3 + 1). Calculate the remainder when (3/5)/(876/127020) is divided by j(w).
10
Suppose 352 = 49*s - 182 + 44. What is the remainder when 99 is divided by s?
9
Suppose 5 = -2*d + 9. Suppose 22 = d*m - 30. Calculate the remainder when m is divided by ((-2)/(-7))/((-11)/1078*-2).
12
Let w(u) = u**2 + 31*u + 69. Let a = 246 + -160. What is the remainder when a is divided by w(-29)?
9
Let s(k) = -k**3 + 575 - 3*k + 2*k + 19*k**2 - 528. Calculate the remainder when 105 is divided by s(19).
21
Suppose -27*z - 663 = -3066. What is the remainder when 180 is divided by z?
2
Suppose -z - 4*a + 2 = z, -4*z = 5*a + 11. Let f = 0 - z. Suppose -f*n + 28 + 26 = 0. Calculate the remainder when 11 is divided by n.
5
What is the remainder when (((-61)/610)/(6/14604))/(2/(-10)) is divided by 607?
3
Let b(s) be the third derivative of -5*s**4/12 - 17*s**3/3 + 27*s**2. Let l be b(-4). Suppose -4 = 5*w - l*w. What is the remainder when 9 is divided by w?
1
Suppose 4*h = 175 - 907. Let a = h + 242. Calculate the remainder when a is divided by 31.
28
Let a(o) = 2*o + 177. Calculate the remainder when 79 is divided by a(-73).
17
Suppose -114*t = 79*t - 87815. What is the remainder when t is divided by 140?
35
Let r = -337 + 337. Suppose r = -c + 1, 5*k = 8*c - 9*c + 311. What is the remainder when k is divided by 9?
8
Let s be ((-72)/8)/(1/2). Let v = 33 + s. Let p(g) = 18*g**2 + 4*g + 8. What is the remainder when p(-2) is divided by v?
12
Let p = 84 - 66. Let a = 48 - p. Suppose -5*s + 6*b = b - 285, 0 = s + 4*b - 57. What is the remainder when s is divided by a?
27
Let j(q) = 134*q - 4619. Calculate the remainder when j(46) is divided by 292.
85
Let p = 133 - 75. Let t(d) = -d**2 + 16*d + 31. Let m be t(14). Let o = m - 44. Calculate the remainder when p is divided by o.
13
Let v = 10 + 5. Suppose -29*x = -v*x - 3738. What is the remainder when x is divided by 54?
51
Let z(h) = -3*h**3 - 2*h**2 - 9*h - 7. Let j = 444 + -265. Calculate the remainder when j is divided by z(-2).
17
Suppose 2*a + 261 = 31*a. Suppose -32 = -4*r + 4*g, -5*r - a*g = -7*g - 75. What is the remainder when 400 is divided by r?
10
Let s(u) = 16*u + 131. Let h be 12/(-21) + ((-87)/7 - -6). Calculate the remainder when 4/14 + (-738)/(-14) is divided by s(h).
15
Suppose 229*i - 2*f + 8778 = 230*i, -4*i - 4*f + 35100 = 0. What is the remainder when i is divided by 65?
62
Suppose 1 = -x + 3*k, -4*x + 8 = -2*k + 2. Suppose -2*a = d - 68, -x*d + 9*a + 133 = 10*a. Calculate the remainder when d is divided by 20.
6
Suppose 5*j - k - 75 = 4*k, 3*j - 5*k = 43. Let u(d) = -d - j + 11 - 10. Calculate the remainder when 7 is divided by u(-16).
0
Suppose -4*u + a = -2*a - 18, -2 = -a. What is the remainder when 57 is divided by 286/14 + -1*u/14?
17
Let t(s) be the first derivative of -s**4/2 - 55*s**3/3 + 29*s**2/2 + 61*s + 173. What is the remainder when t(-28) is divided by 13?
7
What is the remainder when (-40824)/(-360)*((-57)/(-9) + -3) is divided by 124?
6
Suppose 0 = -5*q - 2*n + 128, -q - 4*q + 136 = 4*n. Suppose -q*w + 32 = -20*w. Suppose -6 - 34 = -w*t. What is the remainder when 19 is divided by t?
4
What is the remainder when 46 is divided by ((-196)/(-14) - 3) + -3?
6
Let b(j) = -j**2 - 15*j - 32. Let g be b(-12). Suppose -3*p = g*p - 889. What is the remainder when p is divided by 26?
23
Suppose -4*j + 3*x = -592, -600 = -4*j - 23*x + 24*x. Calculate the remainder when 6794 is divided by j.
150
Let c(b) = -8*b**2 + 7*b - 5. Let g be c(4). Let f = g - -177. Suppose -5*u + u + f = -5*y, -35 = -u - 3*y. Calculate the remainder when u is divided by 9.
5
Let k(a) = -12*a**3 - 206*a**2 - 1445*a - 3. Calculate the remainder when k(-7) is divided by 101.
94
Let i(c) = 169*c + 10842. Calculate the remainder when i(-58) is divided by 50.
40
Let o = 5 - 8. Let q be (o/2)/((-30)/440). Suppose 0 = c - q - 1. What is the remainder when 45 is divided by c?
22
Suppose 6*c - c = -185. Let y = c - -60. Suppose -128*w + 3*n = -131*w + 57, -w = -2*n + 2. What is the r